3
What is the tens digit of 1481?
8
What is the hundreds digit of 18970?
9
What is the hundreds digit of 1929?
9
What is the ten thousands digit of 10648?
1
What is the tens digit of 64?
6
What is the hundreds digit of 26542?
5
What is the ten thousands digit of 33988?
3
What is the tens digit of 279?
7
What is the hundreds digit of 12808?
8
What is the tens digit of 597?
9
What is the units digit of 2956?
6
What is the tens digit of 1900?
0
What is the tens digit of 15016?
1
What is the thousands digit of 4522?
4
What is the units digit of 18116?
6
What is the tens digit of 313?
1
What is the hundreds digit of 4825?
8
What is the units digit of 21664?
4
What is the tens digit of 39530?
3
What is the hundreds digit of 4407?
4
What is the tens digit of 3694?
9
What is the hundreds digit of 1554?
5
What is the units digit of 292?
2
What is the ten thousands digit of 19199?
1
What is the tens digit of 432?
3
What is the thousands digit of 8522?
8
What is the tens digit of 106428?
2
What is the tens digit of 1458?
5
What is the hundreds digit of 4101?
1
What is the hundreds digit of 3158?
1
What is the units digit of 1607?
7
What is the ten thousands digit of 13820?
1
What is the hundreds digit of 545?
5
What is the units digit of 1793?
3
What is the hundreds digit of 777?
7
What is the hundreds digit of 3641?
6
What is the hundreds digit of 709?
7
What is the ten thousands digit of 29991?
2
What is the ten thousands digit of 14810?
1
What is the tens digit of 190?
9
What is the hundreds digit of 3939?
9
What is the tens digit of 507?
0
What is the thousands digit of 2516?
2
What is the tens digit of 138?
3
What is the tens digit of 6707?
0
What is the units digit of 1354?
4
What is the thousands digit of 1248?
1
What is the hundreds digit of 5413?
4
What is the units digit of 47749?
9
What is the tens digit of 911?
1
What is the tens digit of 4522?
2
What is the units digit of 83495?
5
What is the units digit of 706?
6
What is the units digit of 2836?
6
What is the thousands digit of 6264?
6
What is the tens digit of 484?
8
What is the tens digit of 1861?
6
What is the units digit of 89834?
4
What is the hundreds digit of 8255?
2
What is the units digit of 1429?
9
What is the thousands digit of 6103?
6
What is the tens digit of 42608?
0
What is the tens digit of 1414?
1
What is the units digit of 1073?
3
What is the tens digit of 795?
9
What is the tens digit of 666?
6
What is the ten thousands digit of 157774?
5
What is the units digit of 22306?
6
What is the units digit of 4017?
7
What is the units digit of 1571?
1
What is the hundreds digit of 831?
8
What is the units digit of 70?
0
What is the units digit of 3460?
0
What is the thousands digit of 3482?
3
What is the thousands digit of 35239?
5
What is the hundreds digit of 2463?
4
What is the units digit of 64294?
4
What is the ten thousands digit of 43525?
4
What is the tens digit of 869?
6
What is the units digit of 922?
2
What is the tens digit of 559?
5
What is the ten thousands digit of 35161?
3
What is the units digit of 6931?
1
What is the thousands digit of 7661?
7
What is the tens digit of 1451?
5
What is the hundreds digit of 68962?
9
What is the thousands digit of 33267?
3
What is the hundreds digit of 2213?
2
What is the tens digit of 80581?
8
What is the hundreds digit of 1047?
0
What is the thousands digit of 1126?
1
What is the hundred thousands digit of 100815?
1
What is the tens digit of 14989?
8
What is the hundreds digit of 1541?
5
What is the ten thousands digit of 22352?
2
What is the hundreds digit of 3773?
7
What is the units digit of 32728?
8
What is the tens digit of 679?
7
What is the units digit of 354?
4
What is the hundreds digit of 37092?
0
What is the ten thousands digit of 16483?
1
What is the units digit of 21167?
7
What is the hundreds digit of 752?
7
What is the thousands digit of 99296?
9
What is the units digit of 32471?
1
What is the tens digit of 2375?
7
What is the hundreds digit of 2656?
6
What is the units digit of 35595?
5
What is the thousands digit of 1218?
1
What is the tens digit of 881?
8
What is the ten thousands digit of 13848?
1
What is the units digit of 17039?
9
What is the units digit of 16011?
1
What is the units digit of 1387?
7
What is the tens digit of 602?
0
What is the hundreds digit of 4023?
0
What is the tens digit of 7044?
4
What is the hundreds digit of 1019?
0
What is the thousands digit of 2730?
2
What is the thousands digit of 28778?
8
What is the thousands digit of 54471?
4
What is the ten thousands digit of 83620?
8
What is the units digit of 922?
2
What is the ten thousands digit of 15844?
1
What is the units digit of 299?
9
What is the hundreds digit of 24944?
9
What is the thousands digit of 17197?
7
What is the thousands digit of 10141?
0
What is the thousands digit of 1227?
1
What is the units digit of 230?
0
What is the units digit of 46444?
4
What is the thousands digit of 1704?
1
What is the thousands digit of 1573?
1
What is the tens digit of 4245?
4
What is the tens digit of 490?
9
What is the tens digit of 55773?
7
What is the units digit of 8382?
2
What is the units digit of 371?
1
What is the thousands digit of 6522?
6
What is the thousands digit of 7364?
7
What is the hundreds digit of 11967?
9
What is the hundreds digit of 17485?
4
What is the tens digit of 6829?
2
What is the tens digit of 186?
8
What is the tens digit of 3291?
9
What is the hundreds digit of 892?
8
What is the hundreds digit of 7700?
7
What is the hundreds digit of 468?
4
What is the units digit of 70400?
0
What is the tens digit of 11408?
0
What is the units digit of 236?
6
What is the tens digit of 2758?
5
What is the thousands digit of 5734?
5
What is the ten thousands digit of 32240?
3
What is the hundreds digit of 348?
3
What is the ten thousands digit of 35652?
3
What is the ten thousands digit of 12250?
1
What is the hundreds digit of 3985?
9
What is the tens digit of 3113?
1
What is the thousands digit of 149830?
9
What is the tens digit of 1662?
6
What is the units digit of 1038?
8
What is the units digit of 5682?
2
What is the tens digit of 10827?
2
What is the ten thousands digit of 12000?
1
What is the ten thousands digit of 29842?
2
What is the thousands digit of 27455?
7
What is the hundreds digit of 8755?
7
What is the units digit of 8133?
3
What is the units digit of 57817?
7
What is the tens digit of 1014?
1
What is the units digit of 8251?
1
What is the tens digit of 250?
5
What is the units digit of 261?
1
What is the thousands digit of 8524?
8
What is the ten thousands digit of 10370?
1
What is the units digit of 26436?
6
What is the units digit of 3744?
4
What is the hundreds digit of 55928?
9
What is the tens digit of 10279?
7
What is the tens digit of 41985?
8
What is the thousands digit of 1290?
1
What is the ten thousands digit of 33982?
3
What is the units digit of 6009?
9
What is the thousands digit of 3908?
3
What is the ten thousands digit of 75578?
7
What is the thousands digit of 1009?
1
What is the ten thousands digit of 26929?
2
What is the tens digit of 171?
7
What is the tens digit of 85?
8
What is the hundreds digit of 2904?
9
What is the ten thousands digit of 34411?
3
What is the units digit of 3632?
2
What is the units digit of 32029?
9
What is the hundreds digit of 159?
1
What is the units digit of 46916?
6
What is the hundreds digit of 200?
2
What is the thousands digit of 2684?
2
What is the ten thousands digit of 15229?
1
What is the units digit of 9737?
7
What is the units digit of 1604?
4
What is the units digit of 418?
8
What is the hundreds digit of 16704?
7
What is the hundreds digit of 6709?
7
What is the units digit of 319?
9
What is the units digit of 35412?
2
What is the thousands digit of 43183?
3
What is the tens digit of 163815?
1
What is the thousands digit of 9338?
9
What is the ten thousands digit of 84582?
8
What is the units digit of 660?
0
What is the hundreds digit of 2924?
9
What is the units digit of 145597?
7
What is the tens digit of 2605?
0
What is the tens digit of 822?
2
What is the thousands digit of 1261?
1
What is the units digit of 5?
5
What is the thousands digit of 1227?
1
What is the hundreds digit of 1064?
0
What is the hundred thousands digit of 106074?
1
What